 multiple of 18?
True
Suppose 4*u = -i + 158, -i - 5*u + 865 = 4*i. Let f = i - 64. Does 38 divide f?
True
Suppose -303 = -j - 4*q + 242, q = -2*j + 1125. Does 5 divide j?
True
Suppose 16*s - 1080 = 10*s. Let n = 388 - s. Does 13 divide n?
True
Let j(q) = -q + 1. Let w be j(-1). Suppose 275 = w*m - 13. Does 45 divide m?
False
Suppose 455 = o - 5*v, -2*o + 2*v + 606 = -344. Suppose 5*a + a = o. Is 20 a factor of a?
True
Suppose 0 = 71*b - 69*b - 8. Suppose b*v + 4*w = 84, 0*v + 3*v - 3*w = 81. Is 4 a factor of v?
True
Suppose 7*m + 16*m - 667 = 0. Is 4 a factor of m?
False
Suppose 4*y - 221 - 1055 = 0. Let m = -215 + y. Does 16 divide m?
False
Suppose 3*m - 4*o = 16, -2*m + 12 = 4*o - 8*o. Suppose -221 = -5*u + l, m*u + 3*l - 2*l - 184 = 0. Does 15 divide u?
True
Let h = 42 + -100. Let i = 242 + h. Is i a multiple of 23?
True
Suppose -4*p + 25 = p. Suppose 2*d - 3*d = p, -5*f = -3*d - 135. Is f a multiple of 8?
True
Suppose -3*f + 26 = 203. Let m = 124 + f. Does 23 divide m?
False
Let d = -182 - -278. Is 12 a factor of d?
True
Suppose -2*t + 0*t + 1172 = 0. Suppose -4*a + t = 198. Is 11 a factor of a?
False
Suppose 24 + 31 = 5*o. Let v = o - 1. Does 8 divide (-12)/(5/(v/(-3)))?
True
Let t be (3 - -18)/((-6)/(-68)). Let x = 527 - t. Is 17 a factor of x?
True
Suppose 136*s = 137*s - 59. Suppose 2*k + 34 + 20 = 2*c, 5*k + 143 = 3*c. Let o = s + k. Is 14 a factor of o?
True
Let z(p) = 101*p - 106. Is z(6) even?
True
Suppose -20*r + 21*r - 626 = 0. Is r a multiple of 29?
False
Suppose 2*x + 9*x = 0. Suppose 3*o = x, -o = 3*r - 0*o - 180. Does 5 divide r?
True
Suppose -4*i - 86 = 4*g - 3734, -4*g + 3660 = -2*i. Suppose -11*s + 901 = -g. Is 15 a factor of s?
True
Is 90 a factor of (-195)/(-20)*-1*(-296)/3?
False
Let r = -25 - -28. Suppose r*d = -2*d + 500. Suppose -d = -6*a + 2*a. Is a a multiple of 6?
False
Let z(q) = -13*q - 9. Let p be z(-7). Let g = -134 + p. Does 9 divide 2/(-1 - 60/g)?
False
Suppose -n + 5*d - 2*d = 1012, -4*d - 20 = 0. Let s be (-10)/35 + n/7. Is 5 a factor of 1/5 + s/(-15)?
True
Let q = 63 + -17. Let u = -34 + q. Does 4 divide u?
True
Let k(q) = -15*q - 202. Is 66 a factor of k(-27)?
False
Let z = 4364 + -2198. Is z a multiple of 24?
False
Suppose 0 = 4*z + 773 - 953. Is z a multiple of 4?
False
Suppose -5*j = -3*v + 29, 4*v - 2*j = -4*j + 82. Suppose 6*y + v = 72. Is y a multiple of 7?
False
Suppose -2*q - 1680 = 5*h + 262, -2*h - 4*q - 764 = 0. Is 6 a factor of (5/2)/((-13)/h)?
False
Let u(p) = -462*p - 36. Does 24 divide u(-2)?
True
Suppose -g + 0 = -6. Suppose -p + g*p - 10 = 0. Is 40 + 0*(3 - p) a multiple of 18?
False
Let g be 6/4 + 153/(-6). Let q = 30 + g. Is q a multiple of 6?
True
Let a(p) = 2*p**2 + 6 + 12*p - 6 - 5 - 4. Is a(-10) a multiple of 9?
False
Let n be (4/(-6))/((-7)/84). Suppose -3*q = i - 34 + 1, -n = -2*q. Is 21 a factor of i?
True
Suppose -2*f - 2650 = 4*t + t, -3*t - 4*f - 1604 = 0. Let q = t - -352. Let n = -122 - q. Is n a multiple of 18?
True
Let j = -257 + 353. Does 6 divide j?
True
Let p be (1272/8)/((-2)/(-12)). Suppose 5*b + 4*b = p. Is b a multiple of 11?
False
Suppose 9 = 3*g, -3*g - 51 = -s - 0*g. Let t be ((-15)/(-6))/(159/(-36) + 4). Is 16 a factor of (16/t)/((-8)/s)?
False
Let u = -306 - -431. Suppose u = -4*c + 773. Is c a multiple of 18?
True
Let c = -35 - -56. Is (-4050)/(-35) - (0 - 6/c) a multiple of 7?
False
Let z = 52 + -41. Let c(q) = -q**3 + 11*q**2 + 16*q - 6. Is c(z) a multiple of 17?
True
Does 40 divide -60*2*(-6)/2?
True
Let o(j) = j**2 - 3*j + 5. Suppose -2*g = 5*m - 24, 5*m - 13 = -3. Is 15 a factor of o(g)?
False
Let u(o) = -6*o + 3. Let y be u(2). Let h be -2*(14148/(-8))/y. Is 12 a factor of h/(-24) - (-6)/(-16)?
False
Suppose 0*j = -5*j + 4*m + 745, 0 = -4*j - 4*m + 560. Let i = -49 + j. Is i a multiple of 16?
True
Suppose -2*g - 16*b + 11*b = -6154, 0 = -4*g - 4*b + 12320. Is g a multiple of 9?
False
Let u be ((-8)/(-5))/(4/170). Suppose 5*j - 3*a = 4*j + u, 0 = -5*j + a + 340. Is 34 a factor of j?
True
Let t(r) be the first derivative of r**4/6 + 5*r**3/6 + r**2 + 6. Let f(d) be the second derivative of t(d). Does 7 divide f(4)?
True
Let b(u) = 2*u + 34. Let c = 49 - 49. Is 34 a factor of b(c)?
True
Let w(j) be the second derivative of -1/4*j**4 + 3*j + 1/20*j**5 + 1/3*j**3 + 0 - 3/2*j**2. Is w(4) a multiple of 7?
True
Let k = 1142 - 631. Is k a multiple of 44?
False
Let p(a) = -2 - 2*a - 3 - 1. Let z(h) = h - 13. Let l be z(5). Is p(l) a multiple of 5?
True
Let y be (-5 + 4)*1*-5. Suppose 3*l + l = y*m - 7, 2*m - 8 = -l. Suppose -5*w + 20 = -w, 3*k - m*w = 42. Is 6 a factor of k?
False
Let v(y) = 11*y**2 + 6*y + 61. Is 34 a factor of v(-11)?
True
Let f = -11 - -8. Is 7 a factor of (226/4 - 3) + f/6?
False
Let t be 2/(-3)*1*-3. Let c(b) = -b**3 + 7*b**2 + 3*b - 14. Let s be c(8). Does 8 divide (-3 - (s - t))*1?
False
Suppose 930 = 4*i - 2*p, 4 = 4*p - 8. Is i a multiple of 9?
True
Suppose -j - 3*p = 2*j - 183, 4*p = -j + 58. Let d = -3 - -7. Let m = j + d. Is 22 a factor of m?
True
Let j = 165 - 45. Suppose -7*s = -237 - j. Does 17 divide s?
True
Let u be 261*(3 - 24/9). Let v = u - -6. Is 31 a factor of v?
True
Let y(o) be the second derivative of o**4/12 - 2*o**3 - 11*o**2/2 + 2*o. Let b be y(13). Suppose -12 = -b*j + 40. Is j a multiple of 6?
False
Let y = 50 - 15. Is 2 a factor of y?
False
Suppose -3*g + 2274 = 3*f, 1521 = 2*g - f + 4*f. Is 21/49 - g/(-7) a multiple of 18?
True
Let k = 393 + 880. Does 17 divide k?
False
Suppose -6*q + 15 = -117. Suppose -375 = q*h - 27*h. Does 5 divide h?
True
Suppose 2*y = -5*o + 52, -o - 3*o + 32 = y. Suppose 0 = -3*n + 20 + y. Suppose -k = -m - n, -3*k + 41 = 3*m - 5*m. Is k a multiple of 17?
True
Let q = 1967 + -1175. Does 61 divide q?
False
Let o = -19 - -23. Suppose -2*f + 1 + 7 = 0, 0 = -o*p - 3*f + 544. Suppose -4*s = -417 + p. Is 14 a factor of s?
False
Let d = 2220 + -708. Is 12 a factor of d?
True
Suppose -11*f + 144 = -8*f. Does 3 divide f?
True
Let f(q) be the third derivative of -q**6/120 - q**5/10 + 5*q**4/24 + q**3/3 - 17*q**2 - 3*q. Let a = -10 + 3. Is f(a) a multiple of 16?
True
Let m be (-281)/(-5) + 24/30. Let r = 120 - m. Is r a multiple of 21?
True
Suppose -9*j = -0*j - 2448. Is 17 a factor of j?
True
Suppose 6230 = 39*x - 4*x. Is x a multiple of 8?
False
Let l(s) = -14*s - 8. Let y be l(-12). Suppose 2*r = -4*q + 120, -2*r + 8*q + y = 4*q. Is r a multiple of 14?
True
Suppose n = -3*l + 127, 4*n = -n - 3*l + 611. Suppose 0 = -2*x + n + 287. Does 68 divide x?
True
Let x(b) = b**3 - b**2 - 226. Let v be x(0). Let u = v + 422. Is 33 a factor of u?
False
Let h(i) = -41*i - 17. Is h(-1) a multiple of 12?
True
Suppose 0 = -2*w + 7*w - 50. Suppose 0 = w*a - 7*a - 120. Does 22 divide a?
False
Let q(u) = -2*u - 8. Let g be q(5). Let x = -12 - g. Suppose 5 = 5*r, 5*i + 3*r - x*r - 282 = 0. Is i a multiple of 19?
True
Let f(h) = h**3 - 6*h**2 - 6*h - 6. Let y be f(7). Is -1 - 0 - y - (-43 - -8) a multiple of 11?
True
Let p = 62 - -162. Suppose -26 = 6*k - p. Does 11 divide k?
True
Let a(t) = -t**3 + t**2 + 3*t - 5. Let s be a(2). Let u(m) = -3*m**3 + m**2 + 2*m + 6. Does 46 divide u(s)?
False
Let j be 16*((2 - 0) + 0). Suppose -2*d - p + 3*p + j = 0, 74 = 5*d + p. Is d a multiple of 15?
True
Suppose -127 = 3*b + 269. Let w = -91 - b. Let f = w + 27. Is f a multiple of 35?
False
Let u(g) = -2*g**3 - 5*g**2 - 3*g + 98. Does 41 divide u(-12)?
True
Suppose 102 = -4*i + 1430. Let a(b) = 3*b**2 - b**2 + i*b - 333*b. Is a(6) a multiple of 24?
False
Suppose -20 = -3*g - 14. Suppose 0 = 7*a - g*a - 385. Does 20 divide a?
False
Suppose 15*r - 2912 = 8*r. Is r a multiple of 13?
True
Let c(t) be the first derivative of t**2 - t - 18. Suppose -14 + 0 = -2*o. Is c(o) a multiple of 4?
False
Let a(l) = -4*l + 0*l - 3*l - 11 + 0*l. Is 21 a factor of a(-10)?
False
Suppose 2 = -2*q + 2*y, q - y - 4*y + 21 = 0. Suppose 7*m - 2*l = 2*m + 87, -l + 67 = q*m. Does 7 divide m?
False
Let f(q) be the third derivative of -q**4/24 - q**3/6 + 3*q**2. Let b be f(-5). Suppose -4*z = -3*u + 60, b*u + z - 79 + 18 = 0. Is u a multiple of 11?
False
Let v be 1 - (-3 + (-9)/(-1)). Let z = v + 2. Is (-3 + 3 + z)*-1 a multiple of 3?
True
Suppose -137 - 263 = -5*u + 5*f, 2*f = -u + 80. Let k = -23 + u. Is 10 a factor of k?
False
Let s(z) = -2*z - 1. Let g